{"id":2135,"date":"2021-04-25T15:30:14","date_gmt":"2021-04-25T13:30:14","guid":{"rendered":"http:\/\/cussac87.com\/index.php\/teluro\/"},"modified":"2026-02-26T10:18:22","modified_gmt":"2026-02-26T09:18:22","slug":"teluro","status":"publish","type":"page","link":"https:\/\/cussac87.com\/","title":{"rendered":"Front Page"},"content":{"rendered":"<div data-colibri-id=\"2135-c1\" class=\"style-191 style-local-2135-c1 position-relative\">\n  <!---->\n  <div data-colibri-component=\"section\" data-colibri-id=\"2135-c2\" id=\"custom\" class=\"h-section h-section-global-spacing d-flex align-items-lg-center align-items-md-center align-items-center style-3263 style-local-2135-c2 position-relative\">\n    <!---->\n    <!---->\n    <div class=\"h-section-grid-container h-section-fluid-container\">\n      <!---->\n      <div data-colibri-id=\"2135-c3\" class=\"h-row-container gutters-row-lg-2 gutters-row-md-2 gutters-row-0 gutters-row-v-lg-2 gutters-row-v-md-2 gutters-row-v-2 style-3264 style-local-2135-c3 position-relative\">\n        <!---->\n        <div class=\"h-row justify-content-lg-center justify-content-md-center justify-content-center align-items-lg-stretch align-items-md-stretch align-items-stretch gutters-col-lg-2 gutters-col-md-2 gutters-col-0 gutters-col-v-lg-2 gutters-col-v-md-2 gutters-col-v-2\">\n          <!---->\n          <div class=\"h-column h-column-container d-flex h-col-lg-auto h-col-md-auto h-col-auto style-3265-outer style-local-2135-c4-outer\">\n            <div data-colibri-id=\"2135-c4\" class=\"d-flex h-flex-basis h-column__inner h-px-lg-0 h-px-md-0 h-px-0 v-inner-lg-0 v-inner-md-0 v-inner-0 style-3265 style-local-2135-c4 position-relative\">\n              <!---->\n              <!---->\n              <div class=\"w-100 h-y-container h-column__content h-column__v-align flex-basis-100 align-self-lg-start align-self-md-start align-self-start\">\n                <!---->\n                <div data-colibri-id=\"2135-c5\" class=\"style-3266 style-local-2135-c5 position-relative h-element\">\n                  <!---->\n                  <div class=\"\"><script type=\"text\/javascript\">\r\nwindow.intramurosCityIdEvent = '2257';\r\nwindow.intramurosAggloIdEvent = '438';\r\nwindow.zoomEvent = 1;\r\nwindow.containerSizeEvent = 'medium';\r\nwindow.imageMaxHeightEvent = 0;\r\nwindow.backgroundColorEvent = '#ffffff';\r\nwindow.titleColorEvent = '#000000';\r\nwindow.dateColorEvent = '#E40046';\r\nwindow.speedEvent = 5;\r\nwindow.displayModeEvent = 'slick';\r\nwindow.truncateEvent = 0;\r\nwindow.showFiltersEvent = 0;\r\nwindow.showPinnedFirstEvent = 1;\r\n<\/script>\r\n<script type=\"text\/javascript\" charset=\"UTF-8\" src=\"https:\/\/widget.intramuros.org\/js\/5.1.0\/agenda.js\" async><\/script>\r\n<div id=\"intramuros_events\"><\/div>\r\n\r\n\r\n\r\n<\/div>\n                <\/div>\n              <\/div>\n            <\/div>\n          <\/div>\n          <div class=\"h-column h-column-container d-flex h-col-lg-auto h-col-md-auto h-col-auto style-3331-outer style-local-2135-c6-outer\">\n            <div data-colibri-id=\"2135-c6\" class=\"d-flex h-flex-basis h-column__inner h-px-lg-0 h-px-md-0 h-px-0 v-inner-lg-0 v-inner-md-0 v-inner-0 style-3331 style-local-2135-c6 position-relative\">\n              <!---->\n              <!---->\n              <div class=\"w-100 h-y-container h-column__content h-column__v-align flex-basis-100 align-self-lg-center align-self-md-center align-self-center\">\n                <!---->\n                <div data-colibri-id=\"2135-c7\" class=\"d-block style-3332 style-local-2135-c7 position-relative h-element\">\n                  <!---->\n                  <div class=\"h-image__frame-container-outer\">\n                    <a href=\"https:\/\/www.service-public.fr\/particuliers\/vosdroits\/F870\" target=\"_blank\" h-use-smooth-scroll=\"true\" class=\"image-link\" rel=\"noopener\">\n                      <div class=\"h-image__frame-container\">\n                        <!---->\n                        <!---->\n                        <img decoding=\"async\" width=\"1536\" height=\"1024\" data-src=\"https:\/\/cussac87.com\/wp-content\/uploads\/2025\/05\/Recensement-citoyen.png\" class=\"wp-image-324724 style-3332-image style-local-2135-c7-image lazyload\" alt=\"\" data-srcset=\"https:\/\/cussac87.com\/wp-content\/uploads\/2025\/05\/Recensement-citoyen.png 1536w, https:\/\/cussac87.com\/wp-content\/uploads\/2025\/05\/Recensement-citoyen-300x200.png 300w, https:\/\/cussac87.com\/wp-content\/uploads\/2025\/05\/Recensement-citoyen-1024x683.png 1024w, https:\/\/cussac87.com\/wp-content\/uploads\/2025\/05\/Recensement-citoyen-768x512.png 768w, https:\/\/cussac87.com\/wp-content\/uploads\/2025\/05\/Recensement-citoyen-1200x800.png 1200w, https:\/\/cussac87.com\/wp-content\/uploads\/2025\/05\/Recensement-citoyen-600x400.png 600w, https:\/\/cussac87.com\/wp-content\/uploads\/2025\/05\/Recensement-citoyen-24x16.png 24w, https:\/\/cussac87.com\/wp-content\/uploads\/2025\/05\/Recensement-citoyen-36x24.png 36w, https:\/\/cussac87.com\/wp-content\/uploads\/2025\/05\/Recensement-citoyen-48x32.png 48w, https:\/\/cussac87.com\/wp-content\/uploads\/2025\/05\/Recensement-citoyen-500x333.png 500w, https:\/\/cussac87.com\/wp-content\/uploads\/2025\/05\/Recensement-citoyen-800x533.png 800w, https:\/\/cussac87.com\/wp-content\/uploads\/2025\/05\/Recensement-citoyen-1280x853.png 1280w\" data-sizes=\"(max-width: 1536px) 100vw, 1536px\" src=\"data:image\/svg+xml;base64,PHN2ZyB3aWR0aD0iMSIgaGVpZ2h0PSIxIiB4bWxucz0iaHR0cDovL3d3dy53My5vcmcvMjAwMC9zdmciPjwvc3ZnPg==\" style=\"--smush-placeholder-width: 1536px; --smush-placeholder-aspect-ratio: 1536\/1024;\" \/>\n                        <div class=\"h-image__frame h-hide-lg h-hide-md h-hide-sm style-3332-frameImage style-local-2135-c7-frameImage\"><\/div>\n                      <\/div>\n                    <\/a>\n                  <\/div>\n                <\/div>\n              <\/div>\n            <\/div>\n          <\/div>\n        <\/div>\n      <\/div>\n    <\/div>\n  <\/div>\n  <div data-colibri-component=\"section\" data-colibri-id=\"2135-c8\" id=\"about\" class=\"h-section h-section-global-spacing d-flex align-items-lg-center align-items-md-center align-items-center style-2665 style-local-2135-c8 position-relative\">\n    <!---->\n    <!---->\n    <div class=\"h-section-grid-container h-section-boxed-container\">\n      <!---->\n      <div data-colibri-id=\"2135-c9\" class=\"h-row-container gutters-row-lg-2 gutters-row-md-2 gutters-row-2 gutters-row-v-lg-2 gutters-row-v-md-2 gutters-row-v-2 style-2666 style-local-2135-c9 position-relative\">\n        <!---->\n        <div class=\"h-row justify-content-lg-center justify-content-md-center justify-content-center align-items-lg-stretch align-items-md-stretch align-items-stretch gutters-col-lg-2 gutters-col-md-2 gutters-col-2 gutters-col-v-lg-2 gutters-col-v-md-2 gutters-col-v-2\">\n          <!---->\n          <div class=\"h-column h-column-container d-flex h-col-lg-auto h-col-md-auto h-col-auto style-2667-outer style-local-2135-c10-outer\">\n            <div data-colibri-id=\"2135-c10\" class=\"d-flex h-flex-basis h-column__inner h-px-lg-2 h-px-md-2 h-px-2 v-inner-lg-2 v-inner-md-2 v-inner-2 style-2667 style-local-2135-c10 position-relative\">\n              <!---->\n              <!---->\n              <div class=\"w-100 h-y-container h-column__content h-column__v-align flex-basis-100 align-self-lg-center align-self-md-center align-self-center\">\n                <!---->\n                <div data-colibri-id=\"2135-c11\" class=\"h-global-transition-all h-heading style-2669 style-local-2135-c11 position-relative h-element\">\n                  <!---->\n                  <div class=\"h-heading__outer style-2669 style-local-2135-c11\">\n                    <!---->\n                    <!---->\n                    <h2 class=\"\">Informez et restez inform\u00e9s<\/h2>\n                  <\/div>\n                <\/div>\n                <div data-colibri-id=\"2135-c12\" class=\"h-lead h-text h-text-component style-2670 style-local-2135-c12 position-relative h-element\">\n                  <!---->\n                  <!---->\n                  <div class=\"\">\n                    <p>La commune de Cussac est pr\u00e9sente sur l&rsquo;application gratuite Intramuros\n                      <br>\n                    <\/p>\n                  <\/div>\n                <\/div>\n                <div data-colibri-id=\"2135-c13\" class=\"h-x-container style-2671 style-local-2135-c13 position-relative h-element\">\n                  <!---->\n                  <div class=\"h-x-container-inner style-dynamic-2135-c13-group style-2671-spacing style-local-2135-c13-spacing\"><span class=\"h-button__outer style-2672-outer style-local-2135-c14-outer d-inline-flex h-element\"><a h-use-smooth-scroll=\"true\" href=\"https:\/\/cussac87.com\/index.php\/intramuros\/\"  data-colibri-id=\"2135-c14\" class=\"d-flex w-100 align-items-center h-button justify-content-lg-center justify-content-md-center justify-content-center style-2672 style-local-2135-c14 position-relative\"><!----><!----> <span>D\u00e9couvrir<\/span><\/a>\n                    <\/span>\n                  <\/div>\n                <\/div>\n              <\/div>\n            <\/div>\n          <\/div>\n          <div class=\"h-column h-column-container d-flex h-col-lg-auto h-col-md-auto h-col-auto style-2673-outer style-local-2135-c15-outer\">\n            <div data-colibri-id=\"2135-c15\" class=\"d-flex h-flex-basis h-column__inner h-px-lg-2 h-px-md-2 h-px-2 v-inner-lg-2 v-inner-md-2 v-inner-2 style-2673 style-local-2135-c15 position-relative\">\n              <!---->\n              <!---->\n              <div class=\"w-100 h-y-container h-column__content h-column__v-align flex-basis-100 align-self-lg-center align-self-md-center align-self-center\">\n                <!---->\n                <div data-colibri-id=\"2135-c16\" class=\"d-block style-2674 style-local-2135-c16 position-relative h-element\">\n                  <!---->\n                  <div class=\"h-image__frame-container-outer\">\n                    <a href=\"https:\/\/www.intramuros.org\/bienvenue\" target=\"_blank\" h-use-smooth-scroll=\"true\" class=\"image-link\" rel=\"noopener\">\n                      <div class=\"h-image__frame-container\">\n                        <!---->\n                        <!---->\n                        <img decoding=\"async\" width=\"627\" height=\"627\" data-src=\"https:\/\/cussac87.com\/wp-content\/uploads\/2021\/10\/cropped-cropped-intramuros2.png\" class=\"wp-image-6261 style-2674-image style-local-2135-c16-image lazyload\" alt=\"\" data-srcset=\"https:\/\/cussac87.com\/wp-content\/uploads\/2021\/10\/cropped-cropped-intramuros2.png 627w, https:\/\/cussac87.com\/wp-content\/uploads\/2021\/10\/cropped-cropped-intramuros2-300x300.png 300w, https:\/\/cussac87.com\/wp-content\/uploads\/2021\/10\/cropped-cropped-intramuros2-150x150.png 150w, https:\/\/cussac87.com\/wp-content\/uploads\/2021\/10\/cropped-cropped-intramuros2-500x500.png 500w, https:\/\/cussac87.com\/wp-content\/uploads\/2021\/10\/cropped-cropped-intramuros2-600x600.png 600w, https:\/\/cussac87.com\/wp-content\/uploads\/2021\/10\/cropped-cropped-intramuros2-24x24.png 24w, https:\/\/cussac87.com\/wp-content\/uploads\/2021\/10\/cropped-cropped-intramuros2-36x36.png 36w, https:\/\/cussac87.com\/wp-content\/uploads\/2021\/10\/cropped-cropped-intramuros2-48x48.png 48w\" data-sizes=\"(max-width: 627px) 100vw, 627px\" src=\"data:image\/svg+xml;base64,PHN2ZyB3aWR0aD0iMSIgaGVpZ2h0PSIxIiB4bWxucz0iaHR0cDovL3d3dy53My5vcmcvMjAwMC9zdmciPjwvc3ZnPg==\" style=\"--smush-placeholder-width: 627px; --smush-placeholder-aspect-ratio: 627\/627;\" \/>\n                        <div class=\"h-image__frame h-hide-sm style-2674-frameImage style-local-2135-c16-frameImage\"><\/div>\n                      <\/div>\n                    <\/a>\n                  <\/div>\n                <\/div>\n              <\/div>\n            <\/div>\n          <\/div>\n        <\/div>\n      <\/div>\n    <\/div>\n  <\/div>\n<\/div>","protected":false},"excerpt":{"rendered":"<p>Informez et restez inform\u00e9s La commune de Cussac est pr\u00e9sente sur l&rsquo;application gratuite Intramuros D\u00e9couvrir<\/p>\n","protected":false},"author":1,"featured_media":0,"parent":0,"menu_order":0,"comment_status":"closed","ping_status":"closed","template":"page-templates\/homepage.php","meta":{"footnotes":""},"jetpack_sharing_enabled":true,"featured_image_src":null,"featured_image_src_square":null,"_links":{"self":[{"href":"https:\/\/cussac87.com\/index.php\/wp-json\/wp\/v2\/pages\/2135"}],"collection":[{"href":"https:\/\/cussac87.com\/index.php\/wp-json\/wp\/v2\/pages"}],"about":[{"href":"https:\/\/cussac87.com\/index.php\/wp-json\/wp\/v2\/types\/page"}],"author":[{"embeddable":true,"href":"https:\/\/cussac87.com\/index.php\/wp-json\/wp\/v2\/users\/1"}],"replies":[{"embeddable":true,"href":"https:\/\/cussac87.com\/index.php\/wp-json\/wp\/v2\/comments?post=2135"}],"version-history":[{"count":20,"href":"https:\/\/cussac87.com\/index.php\/wp-json\/wp\/v2\/pages\/2135\/revisions"}],"predecessor-version":[{"id":758888,"href":"https:\/\/cussac87.com\/index.php\/wp-json\/wp\/v2\/pages\/2135\/revisions\/758888"}],"wp:attachment":[{"href":"https:\/\/cussac87.com\/index.php\/wp-json\/wp\/v2\/media?parent=2135"}],"curies":[{"name":"wp","href":"https:\/\/api.w.org\/{rel}","templated":true}]}}